{"id":5058,"date":"2026-02-17T10:55:36","date_gmt":"2026-02-17T06:55:36","guid":{"rendered":"https:\/\/azltk2026.org\/?page_id=5058"},"modified":"2026-03-12T02:06:25","modified_gmt":"2026-03-11T22:06:25","slug":"akkreditasiya","status":"publish","type":"page","link":"https:\/\/azltk2026.org\/?page_id=5058","title":{"rendered":"Akkreditasiya"},"content":{"rendered":"<p>[vc_row][vc_column][vc_column_text]<\/p>\n<div class=\"x14z9mp xat24cr x1lziwak x1vvkbs xtlvy1s x126k92a\">\n<h5 dir=\"auto\"><span style=\"color: #000080;\">AZLTK &amp; LAB EXPO 2026 konqresi v\u0259 konqres \u00e7\u0259r\u00e7iv\u0259sind\u0259 ke\u00e7iril\u0259c\u0259k kurslar AR S\u0259hiyy\u0259 Nazirliyinin Elmi-Tibbi \u015euras\u0131 t\u0259r\u0259find\u0259n akkreditasiya olunmu\u015f v\u0259 a\u015fa\u011f\u0131dak\u0131 \u015f\u0259kild\u0259 qiym\u0259tl\u0259ndirilmi\u015fdir:<\/span><\/h5>\n<h5 dir=\"auto\"><strong><span style=\"color: #000080;\">\u2022 AZLTK &amp; LAB EXPO 2026\u00a0 &#8211; 19 DTT<\/span><\/strong><\/h5>\n<\/div>\n<div class=\"x14z9mp xat24cr x1lziwak x1vvkbs xtlvy1s x126k92a\">\n<h5 dir=\"auto\"><strong><span style=\"color: #000080;\">\u2022 Biokimya kursu &#8211; 2 DTT<\/span><\/strong><\/h5>\n<h5 dir=\"auto\"><strong><span style=\"color: #000080;\">\u2022 Mikrobiologiya kursu &#8211; 3 DTT<\/span><\/strong><\/h5>\n<h5 dir=\"auto\"><strong><span style=\"color: #000080;\">\u2022 Patologiya kursu &#8211; 2 DTT<\/span><\/strong><\/h5>\n<\/div>\n<p>[\/vc_column_text][vc_empty_space][vc_empty_space][\/vc_column][\/vc_row][vc_row gap=&#8221;10&#8243; full_height=&#8221;yes&#8221; equal_height=&#8221;yes&#8221; content_placement=&#8221;middle&#8221;][vc_column width=&#8221;1\/3&#8243;][vc_single_image image=&#8221;5258&#8243; img_size=&#8221;full&#8221; alignment=&#8221;center&#8221; onclick=&#8221;link_image&#8221;][\/vc_column][vc_column width=&#8221;1\/3&#8243;][\/vc_column][\/vc_row][vc_row][vc_column][vc_empty_space][\/vc_column][\/vc_row][vc_row][vc_column][\/vc_column][\/vc_row][vc_row][vc_column][vc_column_text]<\/p>\n<h5><\/h5>\n<h4><span style=\"color: #000000;\"><strong>\u00a0 \u00a0 \u00a0 \u00a0 \u00a0 \u00a0 \u00a0 \u00a0 \u00a0 \u00a0 \u00a0 \u00a0 \u00a0 \u00a0 \u00a0 \u00a0 \u00a0 \u00a0 \u00a0 \u00a0 \u00a0 \u00a0 \u00a0 \u00a0 \u00a0 \u00a0 \u00a0 \u00a0 \u00a0 \u00a0 \u00a0 \u00a0 \u00a0 \u00a0 \u00a0 \u00a0 \u00a0 \u00a0 \u00a0 \u00a0 \u00a0 \u00a0\u018fvv\u0259lki ill\u0259r\u0259 aid DTT ballar\u0131<\/strong><\/span><\/h4>\n<p>[\/vc_column_text][\/vc_column][\/vc_row][vc_row][vc_column][vc_empty_space][\/vc_column][\/vc_row][vc_row][vc_column width=&#8221;1\/4&#8243;][vc_single_image image=&#8221;5077&#8243; img_size=&#8221;full&#8221;][\/vc_column][vc_column width=&#8221;1\/12&#8243;][\/vc_column][vc_column width=&#8221;1\/4&#8243;][vc_single_image image=&#8221;5076&#8243; img_size=&#8221;full&#8221;][\/vc_column][vc_column width=&#8221;1\/12&#8243;][\/vc_column][vc_column width=&#8221;1\/4&#8243;][vc_single_image image=&#8221;5087&#8243; img_size=&#8221;full&#8221;][\/vc_column][\/vc_row][vc_row][vc_column][vc_empty_space][\/vc_column][\/vc_row]<\/p>\n","protected":false},"excerpt":{"rendered":"<p>[vc_row][vc_column][vc_column_text] AZLTK &amp; LAB EXPO 2026 konqresi v\u0259 konqres \u00e7\u0259r\u00e7iv\u0259sind\u0259 ke\u00e7iril\u0259c\u0259k kurslar AR S\u0259hiyy\u0259 Nazirliyinin Elmi-Tibbi \u015euras\u0131 t\u0259r\u0259find\u0259n akkreditasiya olunmu\u015f v\u0259 a\u015fa\u011f\u0131dak\u0131 \u015f\u0259kild\u0259 qiym\u0259tl\u0259ndirilmi\u015fdir: \u2022 AZLTK &amp; LAB EXPO 2026\u00a0 &#8211; 19 DTT \u2022 Biokimya kursu &#8211; 2 DTT \u2022 Mikrobiologiya kursu &#8211; 3 DTT \u2022 Patologiya kursu &#8211; 2 [&hellip;]<\/p>\n","protected":false},"author":1,"featured_media":0,"parent":0,"menu_order":0,"comment_status":"closed","ping_status":"closed","template":"","meta":{"footnotes":""},"class_list":["post-5058","page","type-page","status-publish","hentry"],"_links":{"self":[{"href":"https:\/\/azltk2026.org\/index.php?rest_route=\/wp\/v2\/pages\/5058","targetHints":{"allow":["GET"]}}],"collection":[{"href":"https:\/\/azltk2026.org\/index.php?rest_route=\/wp\/v2\/pages"}],"about":[{"href":"https:\/\/azltk2026.org\/index.php?rest_route=\/wp\/v2\/types\/page"}],"author":[{"embeddable":true,"href":"https:\/\/azltk2026.org\/index.php?rest_route=\/wp\/v2\/users\/1"}],"replies":[{"embeddable":true,"href":"https:\/\/azltk2026.org\/index.php?rest_route=%2Fwp%2Fv2%2Fcomments&post=5058"}],"version-history":[{"count":53,"href":"https:\/\/azltk2026.org\/index.php?rest_route=\/wp\/v2\/pages\/5058\/revisions"}],"predecessor-version":[{"id":5291,"href":"https:\/\/azltk2026.org\/index.php?rest_route=\/wp\/v2\/pages\/5058\/revisions\/5291"}],"wp:attachment":[{"href":"https:\/\/azltk2026.org\/index.php?rest_route=%2Fwp%2Fv2%2Fmedia&parent=5058"}],"curies":[{"name":"wp","href":"https:\/\/api.w.org\/{rel}","templated":true}]}}