{"id":4539,"date":"2024-01-27T13:22:19","date_gmt":"2024-01-27T09:22:19","guid":{"rendered":"https:\/\/azltk2024.org\/?page_id=4539"},"modified":"2026-02-23T16:04:12","modified_gmt":"2026-02-23T12:04:12","slug":"scientific-committee","status":"publish","type":"page","link":"https:\/\/azltk2026.org\/?page_id=4539&lang=en","title":{"rendered":"Scientific Committee"},"content":{"rendered":"<p>[vc_row][vc_column]<div class=\"mkdf-accordion-holder mkdf-ac-default  mkdf-accordion mkdf-ac-boxed mkdf-white-skin clearfix\">\n\t<h5 class=\"mkdf-accordion-title\">\n    <span class=\"mkdf-accordion-mark\">\n\t\t<span class=\"mkdf_icon_plus icon_plus\"><\/span>\n\t\t<span class=\"mkdf_icon_minus icon_minus-06\"><\/span>\n\t<\/span>\n\t<span class=\"mkdf-tab-title\">Scientific committee of the Congress<\/span>\n<\/h5>\n<div class=\"mkdf-accordion-content\">\n\t<div class=\"mkdf-accordion-content-inner\">\n\t\t[vc_column_text]<span style=\"color: #003366;\">Prof. Dr. Adil Allahverdiyev (Azerbaijan)<\/span><br \/>\n<span style=\"color: #003366;\">Prof. Dr. Arif Afandiyev (Azerbaijan)<\/span><br \/>\n<span style=\"color: #003366;\">Prof. Dr. Akif Gurbanov (Azerbaijan)<\/span><br \/>\n<span style=\"color: #003366;\">Prof. Dr. Arzu Sayiner (T\u00fcrkiye)<\/span><br \/>\n<span style=\"color: #003366;\">Prof. Dr. Banu Sancak (T\u00fcrkiye)<\/span><br \/>\n<span style=\"color: #003366;\">Prof. Dr. Birsen Karaman (T\u00fcrkiye)<\/span><br \/>\n<span style=\"color: #003366;\">Prof. Dr. Cenk S\u00f6kmensuer (T\u00fcrkiye)<\/span><br \/>\n<span style=\"color: #003366;\">Prof. Dr. Damien Gruson (Belgium)<\/span><br \/>\n<span style=\"color: #003366;\">Prof. Dr. Dildar Konukoglu (T\u00fcrkiye)<\/span><br \/>\n<span style=\"color: #003366;\">Prof. Dr. Dilek Yeshim Metin (T\u00fcrkiye)<\/span><br \/>\n<span style=\"color: #003366;\">Prof. Dr. Emma Agayeva (Azerbaijan)<\/span><br \/>\n<span style=\"color: #003366;\">Prof. Dr. Gular Seyidova (Azerbaijan)<\/span><br \/>\n<span style=\"color: #003366;\">Prof. Dr. Gulnara Azizova (Azerbaijan)<\/span><br \/>\n<span style=\"color: #003366;\">Prof. Dr. Gulnara Nasrullayeva (Azerbaijan)<\/span><br \/>\n<span style=\"color: #003366;\">Prof. Dr. Gulcin Bayramoglu (T\u00fcrkiye)<\/span><br \/>\n<span style=\"color: #003366;\">Prof. Dr. Gulustan Babayeva (Azerbaijan)<\/span><br \/>\n<span style=\"color: #003366;\">Prof. Dr. Habil Muradov (Azerbaijan)<\/span><br \/>\n<span style=\"color: #003366;\">Prof. Dr. Hamit Hakan Alp (T\u00fcrkiye)<\/span><br \/>\n<span style=\"color: #003366;\">Prof. Dr. Hagigat Gadirova (Azerbaijan)<\/span><br \/>\n<span style=\"color: #003366;\">Prof. Dr. Kark Lackner (Almaniya)<\/span><br \/>\n<span style=\"color: #003366;\">Prof. Dr. Mario Plebani (Italy)<\/span><br \/>\n<span style=\"color: #003366;\">Prof. Dr. Mustafa Serteser (T\u00fcrkiye)<\/span><br \/>\n<span style=\"color: #003366;\">Prof. Dr. Mehmet Akif Ciftcioglu (Azerbaijan)<\/span><br \/>\n<span style=\"color: #003366;\">Prof. Dr. Nevgun Sepin \u00d6zen (T\u00fcrkiye)<\/span><br \/>\n<span style=\"color: #003366;\">Prof. Dr. Nigar Agayeva (Azerbaijan)<\/span><br \/>\n<span style=\"color: #003366;\">Prof. Dr. Nuran Esen (T\u00fcrkiye)<\/span><br \/>\n<span style=\"color: #003366;\">Prof. Dr. Oya Uyguner (T\u00fcrkiye)<\/span><br \/>\n<span style=\"color: #003366;\">Prof. Dr. Sylvain Lehmann (France)<\/span><br \/>\n<span style=\"color: #003366;\">Prof. Dr. Tahira Askarova (Azerbaijan)<\/span><br \/>\n<span style=\"color: #003366;\">Prof. Dr. Tan\u0131l Kocag\u00f6z (T\u00fcrkiye)<\/span><br \/>\n<span style=\"color: #003366;\">Prof. Dr. Tinatin Tkmeladze (G\u00fcrc\u00fcstan)<\/span><br \/>\n<span style=\"color: #003366;\">Prof. Dr. Tomas Zima (Czech Republic)<\/span><br \/>\n<span style=\"color: #003366;\">Prof. Dr. Yasemin Zer (T\u00fcrkiy\u0259)<\/span><br \/>\n<span style=\"color: #003366;\">Assoc.Prof. Burcu Dalyan Cilo (T\u00fcrkiye)<\/span><br \/>\n<span style=\"color: #003366;\">Assoc.Prof. Danijela Vrdoljak-Mozeti\u010d <\/span><br \/>\n<span style=\"color: #003366;\">(Hungary)<\/span><br \/>\n<span style=\"color: #003366;\">Assoc.Prof. Derya Kocer (T\u00fcrkiye)<\/span><br \/>\n<span style=\"color: #003366;\">Assoc.Prof. Fuad Islamzada (Azerbaijan)<\/span><br \/>\n<span style=\"color: #003366;\">Assoc.Prof. Fikrat Aliyev (Azerbaijan)<\/span><br \/>\n<span style=\"color: #003366;\">Assoc.Prof. Halil Er (T\u00fcrkiye)<\/span><br \/>\n<span style=\"color: #003366;\">Assoc.Prof. Ilaha Karimova (Azerbaijan)<\/span><br \/>\n<span style=\"color: #003366;\">Assoc.Prof. Murat Cihan (T\u00fcrkiye)<\/span><br \/>\n<span style=\"color: #003366;\">Assoc.Prof. Samir Javadl\u0131 (Azerbaijan)<\/span><br \/>\n<span style=\"color: #003366;\">Assoc.Prof. Samira Safarova (Azerbaijan)<\/span><br \/>\n<span style=\"color: #003366;\">Assoc.Prof. Sara Gurbanova (Azerbaijan)<\/span><br \/>\n<span style=\"color: #003366;\">Assoc.Prof. Tamara Quliyeva (Azerbaijan)<\/span><br \/>\n<span style=\"color: #003366;\">Assoc.Prof. Dr. Vafa Yagubova (Azerbaijan)<\/span><br \/>\n<span style=\"color: #003366;\">Assoc.Prof. Dr. Vidadi Narimanov (Azerbaijan)<\/span><br \/>\n<span style=\"color: #003366;\">PhD. Dr. Emil Rzayev (Azerbaijan)<\/span><br \/>\n<span style=\"color: #003366;\">PhD. Dr. Aytaj Allahverdiyeva (Azerbaijan)<\/span><br \/>\n<span style=\"color: #003366;\">PhDc. Dr. Gunay Amirli (Azerbaijan)<\/span><br \/>\n<span style=\"color: #003366;\">PhDc. Dr. Xagani Eynullazada (USA)<\/span><br \/>\n<span style=\"color: #003366;\">PhD. Dr. Arzu Ibi\u015fova (Azerbaijan)<\/span><br \/>\n<span style=\"color: #003366;\">PhD. Dr. Bayram Bayramov (Azerbaijan)<\/span><br \/>\n<span style=\"color: #003366;\">PhD. Dr. Hikmat Mammadov (Azerbaijan)<\/span><br \/>\n<span style=\"color: #003366;\">PhD. Dr. Leyla Mamm\u0259dova (Azerbaijan)<\/span><br \/>\n<span style=\"color: #003366;\">PhD. Dr. Mahmud Bag\u0131rzada (Azerbaijan)<\/span><br \/>\n<span style=\"color: #003366;\">PhD. Dr. Maryam Gasimova (Azerbaijan)<\/span><br \/>\n<span style=\"color: #003366;\">PhD. Dr. Mirjavid Muslumov (Azerbaijan)<\/span><br \/>\n<span style=\"color: #003366;\">PhD. Dr. Nigar Abdullayeva (Azerbaijan)<\/span><br \/>\n<span style=\"color: #003366;\">PhD. Dr. Nigar Mutalibova (Azerbaijan)<\/span><br \/>\n<span style=\"color: #003366;\">PhD. Dr. Ravil Huseynov (Azerbaijan)<\/span><br \/>\n<span style=\"color: #003366;\">PhD. Dr. Rovshan Abbasov (Azerbaijan)<\/span><br \/>\n<span style=\"color: #003366;\">PhD. Dr. Shahla Had\u0131yeva (Azerbaijan)<\/span><br \/>\n<span style=\"color: #003366;\">PhD. Dr. Yagut Garayeva (Azerbaijan)<\/span><br \/>\n<span style=\"color: #003366;\">PhD. Dr. Arif Yusifov (Azerbaijan)<\/span><br \/>\n<span style=\"color: #003366;\">PhD. Asl\u0131han Dagdemir (Azerbaijan)<\/span><br \/>\n<span style=\"color: #003366;\">PhD. Jamila Bayramova (Azerbaijan)<\/span><br \/>\n<span style=\"color: #003366;\">PhD. Rugiyya Sam\u0259dzada (Azerbaijan)<\/span><br \/>\n<span style=\"color: #003366;\">MSc. Rufana Namazova (Azerbaijan)<\/span><br \/>\n<span style=\"color: #003366;\">Spec.Dr. Adila Adilli (Azerbaijan)<\/span><br \/>\n<span style=\"color: #003366;\">Spec. Dr. Arzu Guliyeva (Azerbaijan)<\/span><br \/>\n<span style=\"color: #003366;\">Spec. Dr. Aynur Ismayil (T\u00fcrkiye)<\/span><br \/>\n<span style=\"color: #003366;\">Spec. Dr. Aynura Zeynalova (Azerbaijan)<\/span><br \/>\n<span style=\"color: #003366;\">Spec. Dr. E. Cuneyt Canbulat (T\u00fcrkiye)<\/span><br \/>\n<span style=\"color: #003366;\">Spec. Dr. Elvin Malikov (T\u00fcrkiye)<\/span><br \/>\n<span style=\"color: #003366;\">Spec. Dr. Fuad Samadov (Azerbaijan)<\/span><br \/>\n<span style=\"color: #003366;\">Spec. Dr. Halil Ibrahim Akbay (T\u00fcrkiye)<\/span><br \/>\n<span style=\"color: #003366;\">Spec. Dr. Iskender Karalti (T\u00fcrkiye)<\/span><br \/>\n<span style=\"color: #003366;\">Spec. Dr. Leyla Ibrahimkhanl\u0131 (Azerbaijan)<\/span><br \/>\n<span style=\"color: #003366;\">Spec. Dr. Malahat Musayeva (Azerbaijan)<\/span><br \/>\n<span style=\"color: #003366;\">Spec. Dr. Royala Babayeva (Azerbaijan)<\/span><br \/>\n<span style=\"color: #003366;\">Spec. Dr. Selim Merdan (T\u00fcrkiye)<\/span><br \/>\n<span style=\"color: #003366;\">Spec. Dr. Sona Hajiyeva (Azerbaijan)<\/span><br \/>\n<span style=\"color: #003366;\">Spec. Dr. Vali Nasirov (Azerbaijan)<\/span><br \/>\n<span style=\"color: #003366;\">Spec. Dr. Zarifa Yusifli (Azerbaijan)<\/span><br \/>\n<span style=\"color: #003366;\">Spec. Dr. Aysel Salmanova (Azerbaijan)<\/span><br \/>\n<span style=\"color: #003366;\">Spec. Dr. Aytan Javadova (Azerbaijan)<\/span><br \/>\n<span style=\"color: #003366;\">Spec. Dr. Ayshan Hasanova (Azerbaijan)<\/span><br \/>\n<span style=\"color: #003366;\">Spec. Dr. Bahadur Abbasov (Azerbaijan)<\/span><br \/>\n<span style=\"color: #003366;\">Spec. Dr. Jalal Agayev (Azerbaijan)<\/span><br \/>\n<span style=\"color: #003366;\">Spec. Dr. Elnur Talibov (Azerbaijan)<\/span><br \/>\n<span style=\"color: #003366;\">Spec. Dr. Aziza Guluzada (Azerbaijan)<\/span><br \/>\n<span style=\"color: #003366;\">Spec. Dr. Fatima Nasirli (Azerbaijan)<\/span><br \/>\n<span style=\"color: #003366;\">Spec.Dr. Farida Eyvazova (Azerbaijan)<\/span><br \/>\n<span style=\"color: #003366;\">Spec. Dr. Farida Mammadkhanova (Azerbaijan)<\/span><br \/>\n<span style=\"color: #003366;\">Spec. Dr. Goychak Hasanova (Azerbaijan)<\/span><br \/>\n<span style=\"color: #003366;\">Spec. Dr. Gulchin Abdurrahmanova (Azerbaijan)<\/span><br \/>\n<span style=\"color: #003366;\">Spec. Dr. Gunay Asadova (Azerbaijan)<\/span><br \/>\n<span style=\"color: #003366;\">Spec. Dr. Lala Gahramanl\u0131 (Azerbaijan)<\/span><br \/>\n<span style=\"color: #003366;\">Spec. Dr. Lala Valiyeva (Azerbaijan)<\/span><br \/>\n<span style=\"color: #003366;\">Spec. Dr. Leyla Jabbarova (Azerbaijan)<\/span><br \/>\n<span style=\"color: #003366;\">Spec. Dr. Hamida Abbasova (Azerbaijan)<\/span><br \/>\n<span style=\"color: #003366;\">Spec. Dr. Khayala Bakhshaliyeva (Azerbaijan)<\/span><br \/>\n<span style=\"color: #003366;\">Spec. Dr. Intigam Qurban\u0259lisoy (Azerbaijan)<\/span><br \/>\n<span style=\"color: #003366;\">Spec. Dr. Mahir Ramazanov (Azerbaijan)<\/span><br \/>\n<span style=\"color: #003366;\">Spec. Dr. Mahbuba Safarova (Azerbaijan)<\/span><br \/>\n<span style=\"color: #003366;\">Spec. Dr. Masmal\u0131 Mustafayev (Azerbaijan)<\/span><br \/>\n<span style=\"color: #003366;\">Spec. Dr. Mehriban Seyfaddinova (Azerbaijan)<\/span><br \/>\n<span style=\"color: #003366;\">Spec. Dr. Nijat Salimzada (Azerbaijan)<\/span><br \/>\n<span style=\"color: #003366;\">Spec. Dr. Nargiz Huseynova (Azerbaijan)<\/span><br \/>\n<span style=\"color: #003366;\">Spec. Dr. Nuriya Salimova (Azerbaijan)<\/span><br \/>\n<span style=\"color: #003366;\">Spec. Dr. Parvin Orujova (Azerbaijan)<\/span><br \/>\n<span style=\"color: #003366;\">Spec. Dr. Ramil Hashimov (Azerbaijan)<\/span><br \/>\n<span style=\"color: #003366;\">Spec. Dr. Rashad Mammadov (Azerbaijan)<\/span><br \/>\n<span style=\"color: #003366;\">Spec. Dr. Ravan Ibrahimov (Azerbaijan)<\/span><br \/>\n<span style=\"color: #003366;\">Spec. Dr. Shohrat Nurmammadov (Azerbaijan)<\/span><br \/>\n<span style=\"color: #003366;\">Spec. Dr. Taleh Aliyev (Azerbaijan)<\/span><br \/>\n<span style=\"color: #003366;\">Spec. Dr. Tabriz Hasanov (Azerbaijan)<\/span><br \/>\n<span style=\"color: #003366;\">Spec. Dr. Tural Ibrahimov (Azerbaijan)<\/span><br \/>\n<span style=\"color: #003366;\">Spec. Dr. Ulvi Nasirli (Azerbaijan)<\/span><br \/>\n<span style=\"color: #003366;\">Spec. Dr. Ulviyya Mustafayeva (Azerbaijan)<\/span><br \/>\n<span style=\"color: #003366;\">Spec. Dr. Gamar Mammadbayova (Azerbaijan)<\/span><br \/>\n<span style=\"color: #003366;\">Spec. Dr. Vusala Ahmadzada (Azerbaijan)<\/span><br \/>\n<span style=\"color: #003366;\">PhDc. Adam Najafli (Azerbaijan)<\/span><br \/>\n<span style=\"color: #003366;\">PhDc. Aida Ad\u0131kozalova (Azerbaijan)<\/span><br \/>\n<span style=\"color: #003366;\">PhDc. Sabina Mehdizada (Azerbaijan<\/span>[\/vc_column_text]\t<\/div>\n<\/div><\/div>[\/vc_column][\/vc_row]<\/p>\n","protected":false},"excerpt":{"rendered":"<p>[vc_row][vc_column][\/vc_column][\/vc_row]<\/p>\n","protected":false},"author":1,"featured_media":0,"parent":0,"menu_order":0,"comment_status":"closed","ping_status":"closed","template":"","meta":{"footnotes":""},"class_list":["post-4539","page","type-page","status-publish","hentry"],"_links":{"self":[{"href":"https:\/\/azltk2026.org\/index.php?rest_route=\/wp\/v2\/pages\/4539","targetHints":{"allow":["GET"]}}],"collection":[{"href":"https:\/\/azltk2026.org\/index.php?rest_route=\/wp\/v2\/pages"}],"about":[{"href":"https:\/\/azltk2026.org\/index.php?rest_route=\/wp\/v2\/types\/page"}],"author":[{"embeddable":true,"href":"https:\/\/azltk2026.org\/index.php?rest_route=\/wp\/v2\/users\/1"}],"replies":[{"embeddable":true,"href":"https:\/\/azltk2026.org\/index.php?rest_route=%2Fwp%2Fv2%2Fcomments&post=4539"}],"version-history":[{"count":5,"href":"https:\/\/azltk2026.org\/index.php?rest_route=\/wp\/v2\/pages\/4539\/revisions"}],"predecessor-version":[{"id":5129,"href":"https:\/\/azltk2026.org\/index.php?rest_route=\/wp\/v2\/pages\/4539\/revisions\/5129"}],"wp:attachment":[{"href":"https:\/\/azltk2026.org\/index.php?rest_route=%2Fwp%2Fv2%2Fmedia&parent=4539"}],"curies":[{"name":"wp","href":"https:\/\/api.w.org\/{rel}","templated":true}]}}